{"id":5007,"date":"2026-04-26T23:30:42","date_gmt":"2026-04-26T21:30:42","guid":{"rendered":"https:\/\/alpen-markt.ch\/?post_type=product&#038;p=5007"},"modified":"2026-04-26T23:51:51","modified_gmt":"2026-04-26T21:51:51","slug":"panier-cadeau-bieres-kopie","status":"publish","type":"product","link":"https:\/\/alpen-markt.ch\/fr\/produkt\/panier-cadeau-bieres-kopie\/","title":{"rendered":"Promotion Paquet Ap\u00e9ritif"},"content":{"rendered":"<p>Quand les journ\u00e9es redeviennent plus chaudes, c&rsquo;est \u00e0 nouveau l&rsquo;heure de l&rsquo;ap\u00e9ritif !<\/p>\n<p>Notre offre promotionnelle pour le d\u00e9but de la saison des ap\u00e9ritifs, avec des sp\u00e9cialit\u00e9s r\u00e9gionales :<br \/>\n&#8211; 4 sortes de bi\u00e8res de la brasserie Heidnisch \u00e0 Raron<br \/>\n&#8211; 1 paquet de saucisses s\u00e8ches de yack, \u00e9lev\u00e9es en \u00e9t\u00e9 dans la vall\u00e9e de Baltschiedertal<br \/>\n&#8211; 1 paquet de petits pains ap\u00e9ritifs fabriqu\u00e9s \u00e0 la main par la boulangerie Artis \u00e0 Termen<\/p>\n<p>DU 1ER MAI AU 30 JUIN, au lieu de 42 CHF<br \/>\nAU PRIX PROMOTIONNEL DE 39,90 CHF <\/p>\n","protected":false},"excerpt":{"rendered":"<p>Quand les journ\u00e9es redeviennent plus chaudes, c&rsquo;est \u00e0 nouveau l&rsquo;heure de l&rsquo;ap\u00e9ritif ! Notre offre promotionnelle pour le d\u00e9but de la saison des ap\u00e9ritifs, avec des sp\u00e9cialit\u00e9s r\u00e9gionales : &#8211; 4 sortes de bi\u00e8res de la brasserie Heidnisch \u00e0 Raron &#8211; 1 paquet de saucisses s\u00e8ches de yack, \u00e9lev\u00e9es en \u00e9t\u00e9 dans la vall\u00e9e de [&hellip;]<\/p>\n","protected":false},"featured_media":5013,"template":"","meta":[],"product_brand":[],"product_cat":[76,67],"product_tag":[],"class_list":{"0":"post-5007","1":"product","2":"type-product","3":"status-publish","4":"has-post-thumbnail","6":"product_cat-un-bijou-valaisan-paniers-cadeau-valaisans","7":"product_cat-produits-selectionnes","9":"first","10":"instock","11":"taxable","12":"shipping-taxable","13":"purchasable","14":"product-type-simple"},"yoast_head":"<!-- This site is optimized with the Yoast SEO plugin v27.4 - https:\/\/yoast.com\/product\/yoast-seo-wordpress\/ -->\n<title>Promotion Paquet Ap\u00e9ritif - Alpenmarkt<\/title>\n<meta name=\"robots\" content=\"index, follow, max-snippet:-1, max-image-preview:large, max-video-preview:-1\" \/>\n<link rel=\"canonical\" href=\"https:\/\/alpen-markt.ch\/fr\/produkt\/panier-cadeau-bieres-kopie\/\" \/>\n<meta property=\"og:locale\" content=\"fr_FR\" \/>\n<meta property=\"og:type\" content=\"article\" \/>\n<meta property=\"og:title\" content=\"Promotion Paquet Ap\u00e9ritif - Alpenmarkt\" \/>\n<meta property=\"og:description\" content=\"Quand les journ\u00e9es redeviennent plus chaudes, c&rsquo;est \u00e0 nouveau l&rsquo;heure de l&rsquo;ap\u00e9ritif ! Notre offre promotionnelle pour le d\u00e9but de la saison des ap\u00e9ritifs, avec des sp\u00e9cialit\u00e9s r\u00e9gionales : &#8211; 4 sortes de bi\u00e8res de la brasserie Heidnisch \u00e0 Raron &#8211; 1 paquet de saucisses s\u00e8ches de yack, \u00e9lev\u00e9es en \u00e9t\u00e9 dans la vall\u00e9e de [&hellip;]\" \/>\n<meta property=\"og:url\" content=\"https:\/\/alpen-markt.ch\/fr\/produkt\/panier-cadeau-bieres-kopie\/\" \/>\n<meta property=\"og:site_name\" content=\"Alpenmarkt\" \/>\n<meta property=\"article:modified_time\" content=\"2026-04-26T21:51:51+00:00\" \/>\n<meta property=\"og:image\" content=\"https:\/\/alpen-markt.ch\/wp-content\/uploads\/2026\/04\/Promo-Apero-1440x1080.jpg\" \/>\n\t<meta property=\"og:image:width\" content=\"1440\" \/>\n\t<meta property=\"og:image:height\" content=\"1080\" \/>\n\t<meta property=\"og:image:type\" content=\"image\/jpeg\" \/>\n<meta name=\"twitter:card\" content=\"summary_large_image\" \/>\n<script type=\"application\/ld+json\" class=\"yoast-schema-graph\">{\"@context\":\"https:\\\/\\\/schema.org\",\"@graph\":[{\"@type\":\"WebPage\",\"@id\":\"https:\\\/\\\/alpen-markt.ch\\\/fr\\\/produkt\\\/panier-cadeau-bieres-kopie\\\/\",\"url\":\"https:\\\/\\\/alpen-markt.ch\\\/fr\\\/produkt\\\/panier-cadeau-bieres-kopie\\\/\",\"name\":\"Promotion Paquet Ap\u00e9ritif - Alpenmarkt\",\"isPartOf\":{\"@id\":\"https:\\\/\\\/alpen-markt.ch\\\/fr\\\/#website\"},\"primaryImageOfPage\":{\"@id\":\"https:\\\/\\\/alpen-markt.ch\\\/fr\\\/produkt\\\/panier-cadeau-bieres-kopie\\\/#primaryimage\"},\"image\":{\"@id\":\"https:\\\/\\\/alpen-markt.ch\\\/fr\\\/produkt\\\/panier-cadeau-bieres-kopie\\\/#primaryimage\"},\"thumbnailUrl\":\"https:\\\/\\\/alpen-markt.ch\\\/wp-content\\\/uploads\\\/2026\\\/04\\\/Promo-Apero-scaled.jpg\",\"datePublished\":\"2026-04-26T21:30:42+00:00\",\"dateModified\":\"2026-04-26T21:51:51+00:00\",\"breadcrumb\":{\"@id\":\"https:\\\/\\\/alpen-markt.ch\\\/fr\\\/produkt\\\/panier-cadeau-bieres-kopie\\\/#breadcrumb\"},\"inLanguage\":\"fr-FR\",\"potentialAction\":[{\"@type\":\"ReadAction\",\"target\":[\"https:\\\/\\\/alpen-markt.ch\\\/fr\\\/produkt\\\/panier-cadeau-bieres-kopie\\\/\"]}]},{\"@type\":\"ImageObject\",\"inLanguage\":\"fr-FR\",\"@id\":\"https:\\\/\\\/alpen-markt.ch\\\/fr\\\/produkt\\\/panier-cadeau-bieres-kopie\\\/#primaryimage\",\"url\":\"https:\\\/\\\/alpen-markt.ch\\\/wp-content\\\/uploads\\\/2026\\\/04\\\/Promo-Apero-scaled.jpg\",\"contentUrl\":\"https:\\\/\\\/alpen-markt.ch\\\/wp-content\\\/uploads\\\/2026\\\/04\\\/Promo-Apero-scaled.jpg\",\"width\":2560,\"height\":1920},{\"@type\":\"BreadcrumbList\",\"@id\":\"https:\\\/\\\/alpen-markt.ch\\\/fr\\\/produkt\\\/panier-cadeau-bieres-kopie\\\/#breadcrumb\",\"itemListElement\":[{\"@type\":\"ListItem\",\"position\":1,\"name\":\"Startseite\",\"item\":\"https:\\\/\\\/alpen-markt.ch\\\/fr\\\/home\\\/\"},{\"@type\":\"ListItem\",\"position\":2,\"name\":\"Boutique en ligne\",\"item\":\"https:\\\/\\\/alpen-markt.ch\\\/fr\\\/boutique-en-ligne\\\/\"},{\"@type\":\"ListItem\",\"position\":3,\"name\":\"Promotion Paquet Ap\u00e9ritif\"}]},{\"@type\":\"WebSite\",\"@id\":\"https:\\\/\\\/alpen-markt.ch\\\/fr\\\/#website\",\"url\":\"https:\\\/\\\/alpen-markt.ch\\\/fr\\\/\",\"name\":\"Alpenmarkt\",\"description\":\"\",\"publisher\":{\"@id\":\"https:\\\/\\\/alpen-markt.ch\\\/fr\\\/#organization\"},\"potentialAction\":[{\"@type\":\"SearchAction\",\"target\":{\"@type\":\"EntryPoint\",\"urlTemplate\":\"https:\\\/\\\/alpen-markt.ch\\\/fr\\\/?s={search_term_string}\"},\"query-input\":{\"@type\":\"PropertyValueSpecification\",\"valueRequired\":true,\"valueName\":\"search_term_string\"}}],\"inLanguage\":\"fr-FR\"},{\"@type\":\"Organization\",\"@id\":\"https:\\\/\\\/alpen-markt.ch\\\/fr\\\/#organization\",\"name\":\"Alpenmarkt\",\"url\":\"https:\\\/\\\/alpen-markt.ch\\\/fr\\\/\",\"logo\":{\"@type\":\"ImageObject\",\"inLanguage\":\"fr-FR\",\"@id\":\"https:\\\/\\\/alpen-markt.ch\\\/fr\\\/#\\\/schema\\\/logo\\\/image\\\/\",\"url\":\"https:\\\/\\\/alpen-markt.ch\\\/wp-content\\\/uploads\\\/2025\\\/11\\\/logo-alpenmarkt.png\",\"contentUrl\":\"https:\\\/\\\/alpen-markt.ch\\\/wp-content\\\/uploads\\\/2025\\\/11\\\/logo-alpenmarkt.png\",\"width\":1048,\"height\":452,\"caption\":\"Alpenmarkt\"},\"image\":{\"@id\":\"https:\\\/\\\/alpen-markt.ch\\\/fr\\\/#\\\/schema\\\/logo\\\/image\\\/\"}}]}<\/script>\n<!-- \/ Yoast SEO plugin. -->","yoast_head_json":{"title":"Promotion Paquet Ap\u00e9ritif - Alpenmarkt","robots":{"index":"index","follow":"follow","max-snippet":"max-snippet:-1","max-image-preview":"max-image-preview:large","max-video-preview":"max-video-preview:-1"},"canonical":"https:\/\/alpen-markt.ch\/fr\/produkt\/panier-cadeau-bieres-kopie\/","og_locale":"fr_FR","og_type":"article","og_title":"Promotion Paquet Ap\u00e9ritif - Alpenmarkt","og_description":"Quand les journ\u00e9es redeviennent plus chaudes, c&rsquo;est \u00e0 nouveau l&rsquo;heure de l&rsquo;ap\u00e9ritif ! Notre offre promotionnelle pour le d\u00e9but de la saison des ap\u00e9ritifs, avec des sp\u00e9cialit\u00e9s r\u00e9gionales : &#8211; 4 sortes de bi\u00e8res de la brasserie Heidnisch \u00e0 Raron &#8211; 1 paquet de saucisses s\u00e8ches de yack, \u00e9lev\u00e9es en \u00e9t\u00e9 dans la vall\u00e9e de [&hellip;]","og_url":"https:\/\/alpen-markt.ch\/fr\/produkt\/panier-cadeau-bieres-kopie\/","og_site_name":"Alpenmarkt","article_modified_time":"2026-04-26T21:51:51+00:00","og_image":[{"width":1440,"height":1080,"url":"https:\/\/alpen-markt.ch\/wp-content\/uploads\/2026\/04\/Promo-Apero-1440x1080.jpg","type":"image\/jpeg"}],"twitter_card":"summary_large_image","schema":{"@context":"https:\/\/schema.org","@graph":[{"@type":"WebPage","@id":"https:\/\/alpen-markt.ch\/fr\/produkt\/panier-cadeau-bieres-kopie\/","url":"https:\/\/alpen-markt.ch\/fr\/produkt\/panier-cadeau-bieres-kopie\/","name":"Promotion Paquet Ap\u00e9ritif - Alpenmarkt","isPartOf":{"@id":"https:\/\/alpen-markt.ch\/fr\/#website"},"primaryImageOfPage":{"@id":"https:\/\/alpen-markt.ch\/fr\/produkt\/panier-cadeau-bieres-kopie\/#primaryimage"},"image":{"@id":"https:\/\/alpen-markt.ch\/fr\/produkt\/panier-cadeau-bieres-kopie\/#primaryimage"},"thumbnailUrl":"https:\/\/alpen-markt.ch\/wp-content\/uploads\/2026\/04\/Promo-Apero-scaled.jpg","datePublished":"2026-04-26T21:30:42+00:00","dateModified":"2026-04-26T21:51:51+00:00","breadcrumb":{"@id":"https:\/\/alpen-markt.ch\/fr\/produkt\/panier-cadeau-bieres-kopie\/#breadcrumb"},"inLanguage":"fr-FR","potentialAction":[{"@type":"ReadAction","target":["https:\/\/alpen-markt.ch\/fr\/produkt\/panier-cadeau-bieres-kopie\/"]}]},{"@type":"ImageObject","inLanguage":"fr-FR","@id":"https:\/\/alpen-markt.ch\/fr\/produkt\/panier-cadeau-bieres-kopie\/#primaryimage","url":"https:\/\/alpen-markt.ch\/wp-content\/uploads\/2026\/04\/Promo-Apero-scaled.jpg","contentUrl":"https:\/\/alpen-markt.ch\/wp-content\/uploads\/2026\/04\/Promo-Apero-scaled.jpg","width":2560,"height":1920},{"@type":"BreadcrumbList","@id":"https:\/\/alpen-markt.ch\/fr\/produkt\/panier-cadeau-bieres-kopie\/#breadcrumb","itemListElement":[{"@type":"ListItem","position":1,"name":"Startseite","item":"https:\/\/alpen-markt.ch\/fr\/home\/"},{"@type":"ListItem","position":2,"name":"Boutique en ligne","item":"https:\/\/alpen-markt.ch\/fr\/boutique-en-ligne\/"},{"@type":"ListItem","position":3,"name":"Promotion Paquet Ap\u00e9ritif"}]},{"@type":"WebSite","@id":"https:\/\/alpen-markt.ch\/fr\/#website","url":"https:\/\/alpen-markt.ch\/fr\/","name":"Alpenmarkt","description":"","publisher":{"@id":"https:\/\/alpen-markt.ch\/fr\/#organization"},"potentialAction":[{"@type":"SearchAction","target":{"@type":"EntryPoint","urlTemplate":"https:\/\/alpen-markt.ch\/fr\/?s={search_term_string}"},"query-input":{"@type":"PropertyValueSpecification","valueRequired":true,"valueName":"search_term_string"}}],"inLanguage":"fr-FR"},{"@type":"Organization","@id":"https:\/\/alpen-markt.ch\/fr\/#organization","name":"Alpenmarkt","url":"https:\/\/alpen-markt.ch\/fr\/","logo":{"@type":"ImageObject","inLanguage":"fr-FR","@id":"https:\/\/alpen-markt.ch\/fr\/#\/schema\/logo\/image\/","url":"https:\/\/alpen-markt.ch\/wp-content\/uploads\/2025\/11\/logo-alpenmarkt.png","contentUrl":"https:\/\/alpen-markt.ch\/wp-content\/uploads\/2025\/11\/logo-alpenmarkt.png","width":1048,"height":452,"caption":"Alpenmarkt"},"image":{"@id":"https:\/\/alpen-markt.ch\/fr\/#\/schema\/logo\/image\/"}}]}},"_links":{"self":[{"href":"https:\/\/alpen-markt.ch\/fr\/wp-json\/wp\/v2\/product\/5007","targetHints":{"allow":["GET"]}}],"collection":[{"href":"https:\/\/alpen-markt.ch\/fr\/wp-json\/wp\/v2\/product"}],"about":[{"href":"https:\/\/alpen-markt.ch\/fr\/wp-json\/wp\/v2\/types\/product"}],"wp:featuredmedia":[{"embeddable":true,"href":"https:\/\/alpen-markt.ch\/fr\/wp-json\/wp\/v2\/media\/5013"}],"wp:attachment":[{"href":"https:\/\/alpen-markt.ch\/fr\/wp-json\/wp\/v2\/media?parent=5007"}],"wp:term":[{"taxonomy":"product_brand","embeddable":true,"href":"https:\/\/alpen-markt.ch\/fr\/wp-json\/wp\/v2\/product_brand?post=5007"},{"taxonomy":"product_cat","embeddable":true,"href":"https:\/\/alpen-markt.ch\/fr\/wp-json\/wp\/v2\/product_cat?post=5007"},{"taxonomy":"product_tag","embeddable":true,"href":"https:\/\/alpen-markt.ch\/fr\/wp-json\/wp\/v2\/product_tag?post=5007"}],"curies":[{"name":"wp","href":"https:\/\/api.w.org\/{rel}","templated":true}]}}

Promotion Paquet Apéritif

<p>Quand les journées redeviennent plus chaudes, c&rsquo;est à nouveau l&rsquo;heure de l&rsquo;apéritif !</p>
<p>Notre offre promotionnelle pour le début de la saison des apéritifs, avec des spécialités régionales :<br />
&#8211; 4 sortes de bières de la brasserie Heidnisch à Raron<br />
&#8211; 1 paquet de saucisses sèches de yack, élevées en été dans la vallée de Baltschiedertal<br />
&#8211; 1 paquet de petits pains apéritifs fabriqués à la main par la boulangerie Artis à Termen</p>
<p>DU 1ER MAI AU 30 JUIN, au lieu de 42 CHF<br />
AU PRIX PROMOTIONNEL DE 39,90 CHF </p>

<p>Quand les journées redeviennent plus chaudes, c&rsquo;est à nouveau l&rsquo;heure de l&rsquo;apéritif ! Notre offre promotionnelle pour le début de la saison des apéritifs, avec des spécialités régionales : &#8211; 4 sortes de bières de la brasserie Heidnisch à Raron &#8211; 1 paquet de saucisses sèches de yack, élevées en été dans la vallée de [&hellip;]</p>

<!-- This site is optimized with the Yoast SEO plugin v27.4 - https://yoast.com/product/yoast-seo-wordpress/ -->
<title>Promotion Paquet Apéritif - Alpenmarkt</title>
<meta name="robots" content="index, follow, max-snippet:-1, max-image-preview:large, max-video-preview:-1" />
<link rel="canonical" href="https://alpen-markt.ch/fr/produkt/panier-cadeau-bieres-kopie/" />
<meta property="og:locale" content="fr_FR" />
<meta property="og:type" content="article" />
<meta property="og:title" content="Promotion Paquet Apéritif - Alpenmarkt" />
<meta property="og:description" content="Quand les journées redeviennent plus chaudes, c&rsquo;est à nouveau l&rsquo;heure de l&rsquo;apéritif ! Notre offre promotionnelle pour le début de la saison des apéritifs, avec des spécialités régionales : &#8211; 4 sortes de bières de la brasserie Heidnisch à Raron &#8211; 1 paquet de saucisses sèches de yack, élevées en été dans la vallée de [&hellip;]" />
<meta property="og:url" content="https://alpen-markt.ch/fr/produkt/panier-cadeau-bieres-kopie/" />
<meta property="og:site_name" content="Alpenmarkt" />
<meta property="article:modified_time" content="2026-04-26T21:51:51+00:00" />
<meta property="og:image" content="https://alpen-markt.ch/wp-content/uploads/2026/04/Promo-Apero-1440x1080.jpg" />
	<meta property="og:image:width" content="1440" />
	<meta property="og:image:height" content="1080" />
	<meta property="og:image:type" content="image/jpeg" />
<meta name="twitter:card" content="summary_large_image" />
<script type="application/ld+json" class="yoast-schema-graph">{"@context":"https:\/\/schema.org","@graph":[{"@type":"WebPage","@id":"https:\/\/alpen-markt.ch\/fr\/produkt\/panier-cadeau-bieres-kopie\/","url":"https:\/\/alpen-markt.ch\/fr\/produkt\/panier-cadeau-bieres-kopie\/","name":"Promotion Paquet Apéritif - Alpenmarkt","isPartOf":{"@id":"https:\/\/alpen-markt.ch\/fr\/#website"},"primaryImageOfPage":{"@id":"https:\/\/alpen-markt.ch\/fr\/produkt\/panier-cadeau-bieres-kopie\/#primaryimage"},"image":{"@id":"https:\/\/alpen-markt.ch\/fr\/produkt\/panier-cadeau-bieres-kopie\/#primaryimage"},"thumbnailUrl":"https:\/\/alpen-markt.ch\/wp-content\/uploads\/2026\/04\/Promo-Apero-scaled.jpg","datePublished":"2026-04-26T21:30:42+00:00","dateModified":"2026-04-26T21:51:51+00:00","breadcrumb":{"@id":"https:\/\/alpen-markt.ch\/fr\/produkt\/panier-cadeau-bieres-kopie\/#breadcrumb"},"inLanguage":"fr-FR","potentialAction":[{"@type":"ReadAction","target":["https:\/\/alpen-markt.ch\/fr\/produkt\/panier-cadeau-bieres-kopie\/"]}]},{"@type":"ImageObject","inLanguage":"fr-FR","@id":"https:\/\/alpen-markt.ch\/fr\/produkt\/panier-cadeau-bieres-kopie\/#primaryimage","url":"https:\/\/alpen-markt.ch\/wp-content\/uploads\/2026\/04\/Promo-Apero-scaled.jpg","contentUrl":"https:\/\/alpen-markt.ch\/wp-content\/uploads\/2026\/04\/Promo-Apero-scaled.jpg","width":2560,"height":1920},{"@type":"BreadcrumbList","@id":"https:\/\/alpen-markt.ch\/fr\/produkt\/panier-cadeau-bieres-kopie\/#breadcrumb","itemListElement":[{"@type":"ListItem","position":1,"name":"Startseite","item":"https:\/\/alpen-markt.ch\/fr\/home\/"},{"@type":"ListItem","position":2,"name":"Boutique en ligne","item":"https:\/\/alpen-markt.ch\/fr\/boutique-en-ligne\/"},{"@type":"ListItem","position":3,"name":"Promotion Paquet Apéritif"}]},{"@type":"WebSite","@id":"https:\/\/alpen-markt.ch\/fr\/#website","url":"https:\/\/alpen-markt.ch\/fr\/","name":"Alpenmarkt","description":"","publisher":{"@id":"https:\/\/alpen-markt.ch\/fr\/#organization"},"potentialAction":[{"@type":"SearchAction","target":{"@type":"EntryPoint","urlTemplate":"https:\/\/alpen-markt.ch\/fr\/?s={search_term_string}"},"query-input":{"@type":"PropertyValueSpecification","valueRequired":true,"valueName":"search_term_string"}}],"inLanguage":"fr-FR"},{"@type":"Organization","@id":"https:\/\/alpen-markt.ch\/fr\/#organization","name":"Alpenmarkt","url":"https:\/\/alpen-markt.ch\/fr\/","logo":{"@type":"ImageObject","inLanguage":"fr-FR","@id":"https:\/\/alpen-markt.ch\/fr\/#\/schema\/logo\/image\/","url":"https:\/\/alpen-markt.ch\/wp-content\/uploads\/2025\/11\/logo-alpenmarkt.png","contentUrl":"https:\/\/alpen-markt.ch\/wp-content\/uploads\/2025\/11\/logo-alpenmarkt.png","width":1048,"height":452,"caption":"Alpenmarkt"},"image":{"@id":"https:\/\/alpen-markt.ch\/fr\/#\/schema\/logo\/image\/"}}]}</script>
<!-- / Yoast SEO plugin. -->

Promotion Paquet Apéritif - Alpenmarkt

Quand les journées redeviennent plus chaudes, c&rsquo;est à nouveau l&rsquo;heure de l&rsquo;apéritif ! Notre offre promotionnelle pour le début de la saison des apéritifs, avec des spécialités régionales : &#8211; 4 sortes de bières de la brasserie Heidnisch à Raron &#8211; 1 paquet de saucisses sèches de yack, élevées en été dans la vallée de [&hellip;]
