{"id":4876,"date":"2026-03-29T12:06:52","date_gmt":"2026-03-29T10:06:52","guid":{"rendered":"https:\/\/alpen-markt.ch\/produkt\/bochtija-de-paques\/"},"modified":"2026-04-10T13:06:06","modified_gmt":"2026-04-10T11:06:06","slug":"bochtija-de-paques","status":"publish","type":"product","link":"https:\/\/alpen-markt.ch\/fr\/produkt\/bochtija-de-paques\/","title":{"rendered":"Bol alpin \u00ab\u00a0Bochtija\u00a0\u00bb"},"content":{"rendered":"<p>Les \u00ab Bochtijen \u00bb sont des r\u00e9cipients au style authentique qui apportent une touche d\u00e9corative unique, avec un panorama montagneux, \u00e0 chaque usage quotidien.<\/p>\n<p>Ces \u00ab Bochtijen \u00bb en forme de coupelles sont parfaits pour les c\u00e9r\u00e9ales du petit-d\u00e9jeuner, les soupes, comme r\u00e9cipients pour l&rsquo;ap\u00e9ritif, mais aussi pour le caf\u00e9 au lait ou un moment de d\u00e9tente autour d&rsquo;une tasse de th\u00e9 \u2013 ou tout simplement comme magnifique d\u00e9coration.<\/p>\n<p>Peints de mani\u00e8re durable et r\u00e9sistants au lave-vaisselle gr\u00e2ce \u00e0 la technique du transfert de film<\/p>\n","protected":false},"excerpt":{"rendered":"<p>Les \u00ab Bochtijen \u00bb sont des r\u00e9cipients au style authentique qui apportent une touche d\u00e9corative unique, avec un panorama montagneux, \u00e0 chaque usage quotidien. Ces \u00ab Bochtijen \u00bb en forme de coupelles sont parfaits pour les c\u00e9r\u00e9ales du petit-d\u00e9jeuner, les soupes, comme r\u00e9cipients pour l&rsquo;ap\u00e9ritif, mais aussi pour le caf\u00e9 au lait ou un moment [&hellip;]<\/p>\n","protected":false},"featured_media":4849,"template":"","meta":[],"product_brand":[],"product_cat":[76,67],"product_tag":[],"class_list":{"0":"post-4876","1":"product","2":"type-product","3":"status-publish","4":"has-post-thumbnail","6":"product_cat-un-bijou-valaisan-paniers-cadeau-valaisans","7":"product_cat-produits-selectionnes","9":"first","10":"outofstock","11":"taxable","12":"shipping-taxable","13":"purchasable","14":"product-type-simple"},"yoast_head":"<!-- This site is optimized with the Yoast SEO plugin v27.4 - https:\/\/yoast.com\/product\/yoast-seo-wordpress\/ -->\n<title>Bol alpin &quot;Bochtija&quot; - Alpenmarkt<\/title>\n<meta name=\"robots\" content=\"index, follow, max-snippet:-1, max-image-preview:large, max-video-preview:-1\" \/>\n<link rel=\"canonical\" href=\"https:\/\/alpen-markt.ch\/fr\/produkt\/bochtija-de-paques\/\" \/>\n<meta property=\"og:locale\" content=\"fr_FR\" \/>\n<meta property=\"og:type\" content=\"article\" \/>\n<meta property=\"og:title\" content=\"Bol alpin &quot;Bochtija&quot; - Alpenmarkt\" \/>\n<meta property=\"og:description\" content=\"Les \u00ab Bochtijen \u00bb sont des r\u00e9cipients au style authentique qui apportent une touche d\u00e9corative unique, avec un panorama montagneux, \u00e0 chaque usage quotidien. Ces \u00ab Bochtijen \u00bb en forme de coupelles sont parfaits pour les c\u00e9r\u00e9ales du petit-d\u00e9jeuner, les soupes, comme r\u00e9cipients pour l&rsquo;ap\u00e9ritif, mais aussi pour le caf\u00e9 au lait ou un moment [&hellip;]\" \/>\n<meta property=\"og:url\" content=\"https:\/\/alpen-markt.ch\/fr\/produkt\/bochtija-de-paques\/\" \/>\n<meta property=\"og:site_name\" content=\"Alpenmarkt\" \/>\n<meta property=\"article:modified_time\" content=\"2026-04-10T11:06:06+00:00\" \/>\n<meta property=\"og:image\" content=\"https:\/\/alpen-markt.ch\/wp-content\/uploads\/2026\/03\/Umundum-Bochtija-Schwarznasen-810x1080.jpg\" \/>\n\t<meta property=\"og:image:width\" content=\"810\" \/>\n\t<meta property=\"og:image:height\" content=\"1080\" \/>\n\t<meta property=\"og:image:type\" content=\"image\/jpeg\" \/>\n<meta name=\"twitter:card\" content=\"summary_large_image\" \/>\n<script type=\"application\/ld+json\" class=\"yoast-schema-graph\">{\"@context\":\"https:\\\/\\\/schema.org\",\"@graph\":[{\"@type\":\"WebPage\",\"@id\":\"https:\\\/\\\/alpen-markt.ch\\\/fr\\\/produkt\\\/bochtija-de-paques\\\/\",\"url\":\"https:\\\/\\\/alpen-markt.ch\\\/fr\\\/produkt\\\/bochtija-de-paques\\\/\",\"name\":\"Bol alpin \\\"Bochtija\\\" - Alpenmarkt\",\"isPartOf\":{\"@id\":\"https:\\\/\\\/alpen-markt.ch\\\/fr\\\/#website\"},\"primaryImageOfPage\":{\"@id\":\"https:\\\/\\\/alpen-markt.ch\\\/fr\\\/produkt\\\/bochtija-de-paques\\\/#primaryimage\"},\"image\":{\"@id\":\"https:\\\/\\\/alpen-markt.ch\\\/fr\\\/produkt\\\/bochtija-de-paques\\\/#primaryimage\"},\"thumbnailUrl\":\"https:\\\/\\\/alpen-markt.ch\\\/wp-content\\\/uploads\\\/2026\\\/03\\\/Umundum-Bochtija-Schwarznasen-scaled.jpg\",\"datePublished\":\"2026-03-29T10:06:52+00:00\",\"dateModified\":\"2026-04-10T11:06:06+00:00\",\"breadcrumb\":{\"@id\":\"https:\\\/\\\/alpen-markt.ch\\\/fr\\\/produkt\\\/bochtija-de-paques\\\/#breadcrumb\"},\"inLanguage\":\"fr-FR\",\"potentialAction\":[{\"@type\":\"ReadAction\",\"target\":[\"https:\\\/\\\/alpen-markt.ch\\\/fr\\\/produkt\\\/bochtija-de-paques\\\/\"]}]},{\"@type\":\"ImageObject\",\"inLanguage\":\"fr-FR\",\"@id\":\"https:\\\/\\\/alpen-markt.ch\\\/fr\\\/produkt\\\/bochtija-de-paques\\\/#primaryimage\",\"url\":\"https:\\\/\\\/alpen-markt.ch\\\/wp-content\\\/uploads\\\/2026\\\/03\\\/Umundum-Bochtija-Schwarznasen-scaled.jpg\",\"contentUrl\":\"https:\\\/\\\/alpen-markt.ch\\\/wp-content\\\/uploads\\\/2026\\\/03\\\/Umundum-Bochtija-Schwarznasen-scaled.jpg\",\"width\":1920,\"height\":2560,\"caption\":\"dav\"},{\"@type\":\"BreadcrumbList\",\"@id\":\"https:\\\/\\\/alpen-markt.ch\\\/fr\\\/produkt\\\/bochtija-de-paques\\\/#breadcrumb\",\"itemListElement\":[{\"@type\":\"ListItem\",\"position\":1,\"name\":\"Startseite\",\"item\":\"https:\\\/\\\/alpen-markt.ch\\\/fr\\\/home\\\/\"},{\"@type\":\"ListItem\",\"position\":2,\"name\":\"Boutique en ligne\",\"item\":\"https:\\\/\\\/alpen-markt.ch\\\/fr\\\/boutique-en-ligne\\\/\"},{\"@type\":\"ListItem\",\"position\":3,\"name\":\"Bol alpin \u00ab\u00a0Bochtija\u00a0\u00bb\"}]},{\"@type\":\"WebSite\",\"@id\":\"https:\\\/\\\/alpen-markt.ch\\\/fr\\\/#website\",\"url\":\"https:\\\/\\\/alpen-markt.ch\\\/fr\\\/\",\"name\":\"Alpenmarkt\",\"description\":\"\",\"publisher\":{\"@id\":\"https:\\\/\\\/alpen-markt.ch\\\/fr\\\/#organization\"},\"potentialAction\":[{\"@type\":\"SearchAction\",\"target\":{\"@type\":\"EntryPoint\",\"urlTemplate\":\"https:\\\/\\\/alpen-markt.ch\\\/fr\\\/?s={search_term_string}\"},\"query-input\":{\"@type\":\"PropertyValueSpecification\",\"valueRequired\":true,\"valueName\":\"search_term_string\"}}],\"inLanguage\":\"fr-FR\"},{\"@type\":\"Organization\",\"@id\":\"https:\\\/\\\/alpen-markt.ch\\\/fr\\\/#organization\",\"name\":\"Alpenmarkt\",\"url\":\"https:\\\/\\\/alpen-markt.ch\\\/fr\\\/\",\"logo\":{\"@type\":\"ImageObject\",\"inLanguage\":\"fr-FR\",\"@id\":\"https:\\\/\\\/alpen-markt.ch\\\/fr\\\/#\\\/schema\\\/logo\\\/image\\\/\",\"url\":\"https:\\\/\\\/alpen-markt.ch\\\/wp-content\\\/uploads\\\/2025\\\/11\\\/logo-alpenmarkt.png\",\"contentUrl\":\"https:\\\/\\\/alpen-markt.ch\\\/wp-content\\\/uploads\\\/2025\\\/11\\\/logo-alpenmarkt.png\",\"width\":1048,\"height\":452,\"caption\":\"Alpenmarkt\"},\"image\":{\"@id\":\"https:\\\/\\\/alpen-markt.ch\\\/fr\\\/#\\\/schema\\\/logo\\\/image\\\/\"}}]}<\/script>\n<!-- \/ Yoast SEO plugin. -->","yoast_head_json":{"title":"Bol alpin \"Bochtija\" - Alpenmarkt","robots":{"index":"index","follow":"follow","max-snippet":"max-snippet:-1","max-image-preview":"max-image-preview:large","max-video-preview":"max-video-preview:-1"},"canonical":"https:\/\/alpen-markt.ch\/fr\/produkt\/bochtija-de-paques\/","og_locale":"fr_FR","og_type":"article","og_title":"Bol alpin \"Bochtija\" - Alpenmarkt","og_description":"Les \u00ab Bochtijen \u00bb sont des r\u00e9cipients au style authentique qui apportent une touche d\u00e9corative unique, avec un panorama montagneux, \u00e0 chaque usage quotidien. Ces \u00ab Bochtijen \u00bb en forme de coupelles sont parfaits pour les c\u00e9r\u00e9ales du petit-d\u00e9jeuner, les soupes, comme r\u00e9cipients pour l&rsquo;ap\u00e9ritif, mais aussi pour le caf\u00e9 au lait ou un moment [&hellip;]","og_url":"https:\/\/alpen-markt.ch\/fr\/produkt\/bochtija-de-paques\/","og_site_name":"Alpenmarkt","article_modified_time":"2026-04-10T11:06:06+00:00","og_image":[{"width":810,"height":1080,"url":"https:\/\/alpen-markt.ch\/wp-content\/uploads\/2026\/03\/Umundum-Bochtija-Schwarznasen-810x1080.jpg","type":"image\/jpeg"}],"twitter_card":"summary_large_image","schema":{"@context":"https:\/\/schema.org","@graph":[{"@type":"WebPage","@id":"https:\/\/alpen-markt.ch\/fr\/produkt\/bochtija-de-paques\/","url":"https:\/\/alpen-markt.ch\/fr\/produkt\/bochtija-de-paques\/","name":"Bol alpin \"Bochtija\" - Alpenmarkt","isPartOf":{"@id":"https:\/\/alpen-markt.ch\/fr\/#website"},"primaryImageOfPage":{"@id":"https:\/\/alpen-markt.ch\/fr\/produkt\/bochtija-de-paques\/#primaryimage"},"image":{"@id":"https:\/\/alpen-markt.ch\/fr\/produkt\/bochtija-de-paques\/#primaryimage"},"thumbnailUrl":"https:\/\/alpen-markt.ch\/wp-content\/uploads\/2026\/03\/Umundum-Bochtija-Schwarznasen-scaled.jpg","datePublished":"2026-03-29T10:06:52+00:00","dateModified":"2026-04-10T11:06:06+00:00","breadcrumb":{"@id":"https:\/\/alpen-markt.ch\/fr\/produkt\/bochtija-de-paques\/#breadcrumb"},"inLanguage":"fr-FR","potentialAction":[{"@type":"ReadAction","target":["https:\/\/alpen-markt.ch\/fr\/produkt\/bochtija-de-paques\/"]}]},{"@type":"ImageObject","inLanguage":"fr-FR","@id":"https:\/\/alpen-markt.ch\/fr\/produkt\/bochtija-de-paques\/#primaryimage","url":"https:\/\/alpen-markt.ch\/wp-content\/uploads\/2026\/03\/Umundum-Bochtija-Schwarznasen-scaled.jpg","contentUrl":"https:\/\/alpen-markt.ch\/wp-content\/uploads\/2026\/03\/Umundum-Bochtija-Schwarznasen-scaled.jpg","width":1920,"height":2560,"caption":"dav"},{"@type":"BreadcrumbList","@id":"https:\/\/alpen-markt.ch\/fr\/produkt\/bochtija-de-paques\/#breadcrumb","itemListElement":[{"@type":"ListItem","position":1,"name":"Startseite","item":"https:\/\/alpen-markt.ch\/fr\/home\/"},{"@type":"ListItem","position":2,"name":"Boutique en ligne","item":"https:\/\/alpen-markt.ch\/fr\/boutique-en-ligne\/"},{"@type":"ListItem","position":3,"name":"Bol alpin \u00ab\u00a0Bochtija\u00a0\u00bb"}]},{"@type":"WebSite","@id":"https:\/\/alpen-markt.ch\/fr\/#website","url":"https:\/\/alpen-markt.ch\/fr\/","name":"Alpenmarkt","description":"","publisher":{"@id":"https:\/\/alpen-markt.ch\/fr\/#organization"},"potentialAction":[{"@type":"SearchAction","target":{"@type":"EntryPoint","urlTemplate":"https:\/\/alpen-markt.ch\/fr\/?s={search_term_string}"},"query-input":{"@type":"PropertyValueSpecification","valueRequired":true,"valueName":"search_term_string"}}],"inLanguage":"fr-FR"},{"@type":"Organization","@id":"https:\/\/alpen-markt.ch\/fr\/#organization","name":"Alpenmarkt","url":"https:\/\/alpen-markt.ch\/fr\/","logo":{"@type":"ImageObject","inLanguage":"fr-FR","@id":"https:\/\/alpen-markt.ch\/fr\/#\/schema\/logo\/image\/","url":"https:\/\/alpen-markt.ch\/wp-content\/uploads\/2025\/11\/logo-alpenmarkt.png","contentUrl":"https:\/\/alpen-markt.ch\/wp-content\/uploads\/2025\/11\/logo-alpenmarkt.png","width":1048,"height":452,"caption":"Alpenmarkt"},"image":{"@id":"https:\/\/alpen-markt.ch\/fr\/#\/schema\/logo\/image\/"}}]}},"_links":{"self":[{"href":"https:\/\/alpen-markt.ch\/fr\/wp-json\/wp\/v2\/product\/4876","targetHints":{"allow":["GET"]}}],"collection":[{"href":"https:\/\/alpen-markt.ch\/fr\/wp-json\/wp\/v2\/product"}],"about":[{"href":"https:\/\/alpen-markt.ch\/fr\/wp-json\/wp\/v2\/types\/product"}],"wp:featuredmedia":[{"embeddable":true,"href":"https:\/\/alpen-markt.ch\/fr\/wp-json\/wp\/v2\/media\/4849"}],"wp:attachment":[{"href":"https:\/\/alpen-markt.ch\/fr\/wp-json\/wp\/v2\/media?parent=4876"}],"wp:term":[{"taxonomy":"product_brand","embeddable":true,"href":"https:\/\/alpen-markt.ch\/fr\/wp-json\/wp\/v2\/product_brand?post=4876"},{"taxonomy":"product_cat","embeddable":true,"href":"https:\/\/alpen-markt.ch\/fr\/wp-json\/wp\/v2\/product_cat?post=4876"},{"taxonomy":"product_tag","embeddable":true,"href":"https:\/\/alpen-markt.ch\/fr\/wp-json\/wp\/v2\/product_tag?post=4876"}],"curies":[{"name":"wp","href":"https:\/\/api.w.org\/{rel}","templated":true}]}}

<p>Les « Bochtijen » sont des récipients au style authentique qui apportent une touche décorative unique, avec un panorama montagneux, à chaque usage quotidien.</p>
<p>Ces « Bochtijen » en forme de coupelles sont parfaits pour les céréales du petit-déjeuner, les soupes, comme récipients pour l&rsquo;apéritif, mais aussi pour le café au lait ou un moment de détente autour d&rsquo;une tasse de thé – ou tout simplement comme magnifique décoration.</p>
<p>Peints de manière durable et résistants au lave-vaisselle grâce à la technique du transfert de film</p>

<p>Les « Bochtijen » sont des récipients au style authentique qui apportent une touche décorative unique, avec un panorama montagneux, à chaque usage quotidien. Ces « Bochtijen » en forme de coupelles sont parfaits pour les céréales du petit-déjeuner, les soupes, comme récipients pour l&rsquo;apéritif, mais aussi pour le café au lait ou un moment [&hellip;]</p>

<!-- This site is optimized with the Yoast SEO plugin v27.4 - https://yoast.com/product/yoast-seo-wordpress/ -->
<title>Bol alpin &quot;Bochtija&quot; - Alpenmarkt</title>
<meta name="robots" content="index, follow, max-snippet:-1, max-image-preview:large, max-video-preview:-1" />
<link rel="canonical" href="https://alpen-markt.ch/fr/produkt/bochtija-de-paques/" />
<meta property="og:locale" content="fr_FR" />
<meta property="og:type" content="article" />
<meta property="og:title" content="Bol alpin &quot;Bochtija&quot; - Alpenmarkt" />
<meta property="og:description" content="Les « Bochtijen » sont des récipients au style authentique qui apportent une touche décorative unique, avec un panorama montagneux, à chaque usage quotidien. Ces « Bochtijen » en forme de coupelles sont parfaits pour les céréales du petit-déjeuner, les soupes, comme récipients pour l&rsquo;apéritif, mais aussi pour le café au lait ou un moment [&hellip;]" />
<meta property="og:url" content="https://alpen-markt.ch/fr/produkt/bochtija-de-paques/" />
<meta property="og:site_name" content="Alpenmarkt" />
<meta property="article:modified_time" content="2026-04-10T11:06:06+00:00" />
<meta property="og:image" content="https://alpen-markt.ch/wp-content/uploads/2026/03/Umundum-Bochtija-Schwarznasen-810x1080.jpg" />
	<meta property="og:image:width" content="810" />
	<meta property="og:image:height" content="1080" />
	<meta property="og:image:type" content="image/jpeg" />
<meta name="twitter:card" content="summary_large_image" />
<script type="application/ld+json" class="yoast-schema-graph">{"@context":"https:\/\/schema.org","@graph":[{"@type":"WebPage","@id":"https:\/\/alpen-markt.ch\/fr\/produkt\/bochtija-de-paques\/","url":"https:\/\/alpen-markt.ch\/fr\/produkt\/bochtija-de-paques\/","name":"Bol alpin \"Bochtija\" - Alpenmarkt","isPartOf":{"@id":"https:\/\/alpen-markt.ch\/fr\/#website"},"primaryImageOfPage":{"@id":"https:\/\/alpen-markt.ch\/fr\/produkt\/bochtija-de-paques\/#primaryimage"},"image":{"@id":"https:\/\/alpen-markt.ch\/fr\/produkt\/bochtija-de-paques\/#primaryimage"},"thumbnailUrl":"https:\/\/alpen-markt.ch\/wp-content\/uploads\/2026\/03\/Umundum-Bochtija-Schwarznasen-scaled.jpg","datePublished":"2026-03-29T10:06:52+00:00","dateModified":"2026-04-10T11:06:06+00:00","breadcrumb":{"@id":"https:\/\/alpen-markt.ch\/fr\/produkt\/bochtija-de-paques\/#breadcrumb"},"inLanguage":"fr-FR","potentialAction":[{"@type":"ReadAction","target":["https:\/\/alpen-markt.ch\/fr\/produkt\/bochtija-de-paques\/"]}]},{"@type":"ImageObject","inLanguage":"fr-FR","@id":"https:\/\/alpen-markt.ch\/fr\/produkt\/bochtija-de-paques\/#primaryimage","url":"https:\/\/alpen-markt.ch\/wp-content\/uploads\/2026\/03\/Umundum-Bochtija-Schwarznasen-scaled.jpg","contentUrl":"https:\/\/alpen-markt.ch\/wp-content\/uploads\/2026\/03\/Umundum-Bochtija-Schwarznasen-scaled.jpg","width":1920,"height":2560,"caption":"dav"},{"@type":"BreadcrumbList","@id":"https:\/\/alpen-markt.ch\/fr\/produkt\/bochtija-de-paques\/#breadcrumb","itemListElement":[{"@type":"ListItem","position":1,"name":"Startseite","item":"https:\/\/alpen-markt.ch\/fr\/home\/"},{"@type":"ListItem","position":2,"name":"Boutique en ligne","item":"https:\/\/alpen-markt.ch\/fr\/boutique-en-ligne\/"},{"@type":"ListItem","position":3,"name":"Bol alpin « Bochtija »"}]},{"@type":"WebSite","@id":"https:\/\/alpen-markt.ch\/fr\/#website","url":"https:\/\/alpen-markt.ch\/fr\/","name":"Alpenmarkt","description":"","publisher":{"@id":"https:\/\/alpen-markt.ch\/fr\/#organization"},"potentialAction":[{"@type":"SearchAction","target":{"@type":"EntryPoint","urlTemplate":"https:\/\/alpen-markt.ch\/fr\/?s={search_term_string}"},"query-input":{"@type":"PropertyValueSpecification","valueRequired":true,"valueName":"search_term_string"}}],"inLanguage":"fr-FR"},{"@type":"Organization","@id":"https:\/\/alpen-markt.ch\/fr\/#organization","name":"Alpenmarkt","url":"https:\/\/alpen-markt.ch\/fr\/","logo":{"@type":"ImageObject","inLanguage":"fr-FR","@id":"https:\/\/alpen-markt.ch\/fr\/#\/schema\/logo\/image\/","url":"https:\/\/alpen-markt.ch\/wp-content\/uploads\/2025\/11\/logo-alpenmarkt.png","contentUrl":"https:\/\/alpen-markt.ch\/wp-content\/uploads\/2025\/11\/logo-alpenmarkt.png","width":1048,"height":452,"caption":"Alpenmarkt"},"image":{"@id":"https:\/\/alpen-markt.ch\/fr\/#\/schema\/logo\/image\/"}}]}</script>
<!-- / Yoast SEO plugin. -->

Les « Bochtijen » sont des récipients au style authentique qui apportent une touche décorative unique, avec un panorama montagneux, à chaque usage quotidien. Ces « Bochtijen » en forme de coupelles sont parfaits pour les céréales du petit-déjeuner, les soupes, comme récipients pour l&rsquo;apéritif, mais aussi pour le café au lait ou un moment [&hellip;]
